 -3*a - 27. Suppose -205 - 103 = -a*q. What are the prime factors of q?
2, 7, 11
Let s be 4 - (3 + -5)/2. Suppose -f = -l + 6*l - 8, -5*l = s*f - 20. Suppose -f*c + 60 = c. What are the prime factors of c?
3, 5
Suppose -5*a = 4*f - 4278, -3*f - 102 = -a - 3320. What are the prime factors of f?
2, 67
Let p = 455 - 316. Suppose -q - 3*v + 38 = 0, -4*q - 5*v - 1 = -p. What are the prime factors of q?
2
Suppose 0 = 31*a - 5682 - 3649. What are the prime factors of a?
7, 43
What are the prime factors of 4648/28 + (0 + 1 - -3)?
2, 5, 17
Let a be (-318)/(-24) - 6/(-8). Let x = a - 7. Suppose -25 = -x*v + 6*v. What are the prime factors of v?
5
Suppose 0 = 4*o - 0*o. Suppose -t = 5*p - o*p - 37, 3*t + 4*p - 100 = 0. List the prime factors of t.
2
What are the prime factors of 481 - (-3 - (-3 + 5))?
2, 3
Suppose 16*j - 10481 - 1535 = 0. What are the prime factors of j?
751
Suppose -4*j - 3*d + 7*d - 24 = 0, -9 = -3*d. Suppose -33 = -n - 21. Let y = n + j. List the prime factors of y.
3
Suppose 3*h - 219 = 2*g - 6*g, h + 4*g - 73 = 0. What are the prime factors of h?
73
Let t be 154/6 + (-4)/(-12). Let g be (660/(-80))/(-3*(-1)/(-8)). Let i = t - g. What are the prime factors of i?
2
Let o(j) = -j**2 - 25*j - 21. Let p be o(-24). Suppose -427 = -5*t - p*h + 68, 0 = -t + 5*h + 71. What are the prime factors of t?
2, 3
Let a = 18 - 13. Suppose -a*v + 27 = -2*v. List the prime factors of 39 + v/3*-1.
2, 3
Suppose 0*s - 3*a - 91 = s, -5*s = 5*a + 455. Let l = s + 168. What are the prime factors of l?
7, 11
Let i = 184 - -670. List the prime factors of i.
2, 7, 61
Let s(v) = -1 + 3 - 4*v - 3 - 4 + v**2. What are the prime factors of s(-5)?
2, 5
Let v(q) = 34*q + 180. What are the prime factors of v(6)?
2, 3
Let f = 1495 - 1055. Suppose -11*u + f = -0*u. What are the prime factors of u?
2, 5
Let i(o) = -o - 10. Let p(w) = -3. Let m(k) = 3*i(k) - 15*p(k). What are the prime factors of m(-14)?
3, 19
Let l = -26 + 32. Suppose 4*k - l*k + 78 = 0. List the prime factors of k.
3, 13
What are the prime factors of -2120*(21/(-14) - -1)?
2, 5, 53
Let s(i) be the first derivative of -2*i**2 - 9*i + 19. List the prime factors of s(-3).
3
Let i(s) be the second derivative of 3*s**5/20 - 2*s**4/3 - 7*s**3/6 + s**2/2 + 9*s. What are the prime factors of i(4)?
37
Let o(f) = -f**2 + 18*f - 11. List the prime factors of o(17).
2, 3
Let a(j) = j**3 + 31*j**2 - 75*j + 106. List the prime factors of a(-33).
13, 31
Suppose -6 = -9*h - 132. Let j(s) = -s**2 - 18*s + 17. List the prime factors of j(h).
73
Let k be (13 + -215)*2/(-4). Suppose 100 = 2*g - 0*o - 2*o, 2*g - o = k. What are the prime factors of g?
3, 17
Let w = -2107 + 3175. What are the prime factors of w?
2, 3, 89
Let x(p) = 5*p**2 + 49*p + 18. What are the prime factors of x(-12)?
2, 3, 5
What are the prime factors of ((-1232)/(-24))/(-7)*153/(-6)?
11, 17
Let q(c) = -c**3 - 2*c**2 - 3*c - 5. Let x be q(-3). Let t = x + 170. List the prime factors of t.
3, 61
Let o be (-198)/(-24) - (-2)/(-8). List the prime factors of 7600/30 - (o/3)/(-4).
2, 127
Suppose -3*v - 5 = -5*v + n, v + 4*n = 25. Suppose 3*x = 2*x + v*g + 15, -4*g - 12 = -3*x. Suppose x = 17*b - 12*b - 90. What are the prime factors of b?
2, 3
Let c be 4 + -3 + -2 + -12. List the prime factors of 59 + c - (0 + -4).
2, 5
Let c(x) = 125*x - 6. Let h be c(2). Let r = 406 - h. What are the prime factors of r?
2, 3
Let v(r) = -r + 7. Let q be v(7). Let y be (5 + (-8)/2)*q. Suppose y = -3*u + 168 - 39. What are the prime factors of u?
43
Suppose 3*c = 18*c + 15. Let j(g) = -163*g - 1. What are the prime factors of j(c)?
2, 3
Let h = 54 + -19. Let m be -14*(h/2)/(-7). Let a = m + 6. List the prime factors of a.
41
Let r be (4/(-4))/(-3 + 2). Let l be r/(-4*(-1)/8). Suppose -l*g - 15 = -79. What are the prime factors of g?
2
Let y(b) = -b**2 - 8*b - 2. Let f be (-70)/4 + 14/(-28). Let z = -24 - f. List the prime factors of y(z).
2, 5
Let h(p) = -p**3 - 3 + p**2 - 2*p**2 + 7*p**2 + 6 + 2*p. What are the prime factors of h(4)?
43
Suppose 0 = 3*y + 2*y + 5*h - 7310, 4*y = -3*h + 5851. List the prime factors of y.
5, 293
Let j = -20 + 23. Suppose -6*b + 233 = -j*b - 2*f, 2*f - 229 = -3*b. What are the prime factors of b?
7, 11
Let r(z) = z**2 + 7*z - 13. Let o be r(-9). Suppose -2*i - 3*v - 11 = 0, 3*i + 0*i - o*v + 45 = 0. List the prime factors of ((-6)/(-4))/((-1)/i).
3, 5
Let f = 5 - 12. Let n = 9 + f. Suppose -n*y = 2*t - y - 39, 2*t + 4*y - 48 = 0. What are the prime factors of t?
2, 3
Let z(a) = 7*a - 26. Let b be z(4). Suppose -r + 224 = b*f - 5*r, -346 = -3*f + r. List the prime factors of f.
2, 29
Let a(v) = -v**2 - 6*v. Let c be a(-3). Suppose -11*t + 12 = -c*t. What are the prime factors of t?
2, 3
Let m(b) = b**2 - 9*b - 13. Let k be 30/4*20/15. Let t be m(k). List the prime factors of ((-2)/t)/(6/270).
2, 3, 5
Let i(w) = 3*w - 3. Let d = -168 + 187. List the prime factors of i(d).
2, 3
Let k = -1341 - -2308. List the prime factors of k.
967
Let w(n) = n - 10. Let k be w(-6). Let f(y) = -2*y - 30. What are the prime factors of f(k)?
2
Let z(y) = -y**2 + 6*y - 2. Let g = -2 - 2. Let i = g + 8. List the prime factors of z(i).
2, 3
Let c(t) = t + 0*t - 14*t - t**2 - 3*t - 4. Let k be c(-14). Let g = -21 + k. What are the prime factors of g?
3
Suppose 3*k - q - 29 = 0, -21*q + 25*q = -k + 27. Let j = 209 + -65. Suppose 0 = 5*i - j - k. List the prime factors of i.
31
Suppose 5*d - 11 = 4*y, 4*y + 4*d = 2*d + 10. Suppose -5*w = 5*l - 25, 3*w + y = 4*w - l. Suppose -6*j + 63 = -w*j. What are the prime factors of j?
3, 7
Let s(t) = t**2 - 2*t - 22. Let v be s(15). Let w = v + -142. What are the prime factors of w?
31
Suppose -9 = 3*j, 4*f + f - 4*j = 62. List the prime factors of -16*(f/15 - (-113)/(-12)).
2, 5, 7
Let k(g) = 207*g - 38. List the prime factors of k(5).
997
Suppose 881*j - 3110 = 876*j. What are the prime factors of j?
2, 311
Let q = -447 - -763. What are the prime factors of q?
2, 79
Let a(n) = 2*n**2 + 42*n + 23. What are the prime factors of a(-25)?
223
Let l(h) = -8*h - 9. Suppose 3 + 1 = 4*g. Let s be (2 - (10 - 2))*g. What are the prime factors of l(s)?
3, 13
Let o(x) = -7*x**2 - 3*x**3 + 1 - 10 + 18*x + 2*x**3 + 19*x**2. List the prime factors of o(13).
2, 7
Suppose -30*n = -25*n - 7095. What are the prime factors of n?
3, 11, 43
Suppose 13*o - o - 36 = 0. Suppose s + 6*i - i = 257, -o*s - i = -785. List the prime factors of s.
2, 131
Let v(w) = 2*w**2 + 7*w - 5. Let n be v(-7). Let z = -82 - -85. Suppose -z*s = -55 - n. What are the prime factors of s?
3, 11
Suppose 2*u + 0*s = s + 15, u - 4*s + 10 = 0. Suppose -7*d = -u*d. Suppose -2*t = 4*f - 30, f - 2 + d = 5*t. What are the prime factors of f?
7
Let m = 177 + -175. Let i = 0 - -3. Suppose m*f + 41 = i*f. What are the prime factors of f?
41
Let s = -1577 - -3051. List the prime factors of s.
2, 11, 67
Suppose -2*j = 5*j + 413. Let f = j - -75. What are the prime factors of f?
2
Let a(n) = 4097*n**3 + 2*n**2 - 6*n + 4. List the prime factors of a(1).
17, 241
Let u(w) = w**2 + 10*w + 4. Let v be u(-8). Let k(b) = -6*b + 2. Let y be k(v). Suppose d = -2, -4*r = -3*d - y - 0. What are the prime factors of r?
17
Let u(n) = 107*n**3 - 4*n**2 - 9*n + 7. What are the prime factors of u(3)?
2833
Suppose 2*k = 5*t + 34, k + 3*t + 1 = -4. Suppose 28 = -k*y + 385. List the prime factors of y.
3, 17
Suppose -4*f + 2*f - 6 = 0. Let i(n) be the third derivative of n**6/120 + n**5/12 + n**4/8 - n**3/2 - 3*n**2. What are the prime factors of i(f)?
2, 3
Let y(l) = -5*l**2 + 5*l**2 + l - l**2 - 14*l**3. What are the prime factors of y(-2)?
2, 53
What are the prime factors of (36/(-27))/((-4)/3066)?
2, 7, 73
Let s = 46 - -247. Suppose s = 18*j - 1057. What are the prime factors of j?
3, 5
Suppose 3*d + 1038 = 4*m, 4*m - 16 + 4 = 0. Suppose -2*b - 3*b + 121 = 2*x, -4*x + 42 = 2*b. List the prime factors of (-10)/b + d/(-5).
2, 17
Let x = 1297 - 541. What are the prime factors of x?
2, 3, 7
Let w = -6 - -12. Let q(u) = -u**3 + 8*u**2 - 5*u - 4. Let o be q(w). Suppose 56 = 2*l - o. List the prime factors of l.
47
Let k = 74 + -69. Suppose -3*w + 3*u = -381, -k*w + 701 = 5*u + 106. What are the prime factors of w?
3, 41
Let x(b) = 462*b + 136. What are the prime factors of x(4)?
2, 31
Let l = 672 + 506. Lis